{"id":34,"date":"2017-02-21T20:24:18","date_gmt":"2017-02-21T17:24:18","guid":{"rendered":"http:\/\/www.danadolma.ee\/?page_id=34"},"modified":"2017-02-21T20:27:33","modified_gmt":"2017-02-21T17:27:33","slug":"jookse-ilma-ruttamata-i-osa","status":"publish","type":"page","link":"https:\/\/www.danadolma.ee\/","title":{"rendered":"JOOKSE ILMA RUTTAMATA I OSA."},"content":{"rendered":"<p><a href=\"http:\/\/www.danadolma.ee\/wp-content\/uploads\/2017\/02\/raamat.jpg\" rel=\"attachment wp-att-32\"><img loading=\"lazy\" decoding=\"async\" class=\"alignnone size-medium wp-image-32\" src=\"http:\/\/www.danadolma.ee\/wp-content\/uploads\/2017\/02\/raamat-211x300.jpg\" alt=\"raamat\" width=\"211\" height=\"300\" srcset=\"https:\/\/www.danadolma.ee\/wp-content\/uploads\/2017\/02\/raamat-211x300.jpg 211w, https:\/\/www.danadolma.ee\/wp-content\/uploads\/2017\/02\/raamat.jpg 400w\" sizes=\"(max-width: 211px) 100vw, 211px\" \/><\/a><\/p>\n<p>Armsad s\u00f5bradja tuttavad, ning muidu head inimesed.<br \/>\nJookse ilma ruttamata I osa \u00c4rkamine on t\u00e4naseks raamatupoodides<br \/>\nt\u00e4itsa saadaval!<\/p>\n<p>Millest raamatus jutt?<\/p>\n<p>Maailmas on toimunud \u00c4rkamine. Just nimelt \u00c4rkamine, suure t\u00e4hega. Planeet Maa on \u00e4rganud. On \u00e4rkamas inimkond tervikuna. \u00c4rkavad rahvad, \u00e4rkavad inimesed, on \u00e4rganud nende eneseteadvustamine ja enesev\u00e4\u00e4rtustamine ning enesem\u00e4\u00e4ratlemise soov.<br \/>\nMuutunud on inimkond, muutus planeet Maa, muutus P\u00e4ikeses\u00fcsteem, muutus kogu Linnutee. Muutusin mina, muutusid sina, muutusid k\u00f5ik teised. Muutus nende elu, muutus sinu elu, muutus minu elu. Ja seda v\u00e4ga kardinaalselt.<br \/>\nAbiks otsijale, abiks uues maailmas olijale olen kirja pannud selle t\u00f5estis\u00fcndinud loo muutustest planeedil Maa anno Domini 2010 kuni 2015 ning k\u00f5igest sellest, mis neile j\u00e4rgnes, n\u00e4htuna oma kogemuste kaudu ning v\u00fcrtsitatuna Taevaste \u00d5petajate kommentaaridega otse s\u00fcndmuste tandrilt.<br \/>\nLoo sellest, kuidas iga\u00fchest meist v\u00e4ljaspool igasuguseid tavasid, aegu ja takistusi rekordkiirusega \u00dclest\u00f5usnud Meister vormistati.<br \/>\nLoo sellest, kuidas iga\u00fcks meist astus sisse maailma, kus k\u00f5ik on v\u00f5imalik. Ja saab seal elada n\u00fc\u00fcd t\u00e4iesti vabana.<br \/>\nLoo n\u00fc\u00fcdseks juba edukalt l\u00e4bitud \u00fcleminekust ja muutustest, mis \u00fcleminek kaasa t\u00f5i. Ning sellest, kuidas nende muutustega toime tulla, pead-k\u00e4si\u2013kaela-ajusid ja hinge murdmata.<\/p>\n<p>K\u00f5ik kokku moodustab l\u00fchikirjelduse \u00fchest suurest loost, kuidas Taevased V\u00e4ed inimesi \u00fcles \u00e4ratavad sadu tuhandeid aastaid kestnud s\u00fcgavast vaimsest unest, neid kogunenud prahist ja tolmust puhtaks p\u00fchivad ja igas inimeses vankumatust unim\u00fctsist taas s\u00e4rava valgusolendi valmis vormivad. Ei puudu selles loos ka kuri n\u00f5id ega ahned rivaalid. K\u00f5iki on parajalt palju. K\u00e4ib Suur Lugu Okasroosikesest, kus iga\u00fcks meist m\u00e4ngib oma osa suure kosmilise Okasroosikese loo kohalikus miniatuuris. Nii et see puudutab k\u00f5iki.<br \/>\nSeda v\u00f5ib lugeda kui ulmelugu, seda v\u00f5ib lugeda kui t\u00e4nap\u00e4evast muinasjuttu, seda v\u00f5ib lugeda kui elulookirjeldust, seda v\u00f5ib lugeda kui lugu meist endist, seda v\u00f5ib lugeda kui arutelu v\u00f5i vestlust, seda v\u00f5ib lugeda kui m\u00f5tete jagamist. Raamat on nippiga. Lugu jutustavad koos autoriga haldja-printsess ja inglit\u00fcdrukud, gnoomid ja trollid, Iidsed Tarkuse Hoidjad, kes n\u00e4evad v\u00e4lja nagu igivanad suured puud. Nad k\u00f5ik ootavad teid. Noored illustraatorid nimme j\u00e4tsid pildid v\u00e4rvimata, et lastel oleks samuti tegevust, sel ajal kui emmed-issid teksti loevad. Raamatul on sellest ainult hea meel. Sobib laiale lugejaskonnale.<\/p>\n<p>Raamat on saadaval:<br \/>\nApollo raamatupoodides:<br \/>\ninterneti raamatupoes<\/p>\n<p>Tallinnas<br \/>\n\u00dclemiste Keskuse Apollos<br \/>\nSolarise keskuse Apollos<br \/>\nJ\u00e4rve keskuse Apollos<br \/>\nLasnam\u00e4e Centrumi Apollos<br \/>\nViimsi Apollos<br \/>\nMustam\u00e4e keskuse Apollos<br \/>\nKristiine keskuse Apollos<\/p>\n<p>Tartus:<br \/>\nTartu Kaubamaja Apollos<br \/>\nL\u00f5una keskuse Apollos<\/p>\n<p>P\u00e4rnus:<br \/>\nKaubamaja Apollos<br \/>\nP\u00e4rnu keskuse Apollos<\/p>\n<p>Teistes linnades:<br \/>\nRakvere Kroonikeskuse Apollos<br \/>\nHaapsalu Kaubamaja Apollos<br \/>\nViljandi Uku keskuse Apollos<br \/>\nKohtla-J\u00e4rve Vironia Apollos<\/p>\n<p>Rahva Raamatu raamatupoodides:<br \/>\nViru keskuse Rahva Raamat<br \/>\nP\u00e4rnu mnt.10 Rahva Raamat<br \/>\nMustika Keskuse Rahva Raamat<br \/>\nP\u00e4rnu Rahva Ramat<br \/>\nViljandi Rahva Raamat<br \/>\nKuressaare Rahva Raamat<br \/>\nRakvere P\u00f5hjakeskuse Rahva Raamat<\/p>\n","protected":false},"excerpt":{"rendered":"<p>Armsad s\u00f5bradja tuttavad, ning muidu head inimesed. Jookse ilma ruttamata I osa \u00c4rkamine on t\u00e4naseks raamatupoodides t\u00e4itsa saadaval! Millest raamatus jutt? Maailmas on toimunud \u00c4rkamine. Just nimelt \u00c4rkamine, suure t\u00e4hega. Planeet Maa on \u00e4rganud. On \u00e4rkamas inimkond tervikuna. \u00c4rkavad rahvad, \u00e4rkavad inimesed, on \u00e4rganud nende eneseteadvustamine ja enesev\u00e4\u00e4rtustamine ning enesem\u00e4\u00e4ratlemise soov. Muutunud on inimkond, muutus [&hellip;]<\/p>\n","protected":false},"author":1,"featured_media":0,"parent":0,"menu_order":0,"comment_status":"closed","ping_status":"closed","template":"","meta":{"footnotes":""},"_links":{"self":[{"href":"https:\/\/www.danadolma.ee\/index.php?rest_route=\/wp\/v2\/pages\/34"}],"collection":[{"href":"https:\/\/www.danadolma.ee\/index.php?rest_route=\/wp\/v2\/pages"}],"about":[{"href":"https:\/\/www.danadolma.ee\/index.php?rest_route=\/wp\/v2\/types\/page"}],"author":[{"embeddable":true,"href":"https:\/\/www.danadolma.ee\/index.php?rest_route=\/wp\/v2\/users\/1"}],"replies":[{"embeddable":true,"href":"https:\/\/www.danadolma.ee\/index.php?rest_route=%2Fwp%2Fv2%2Fcomments&post=34"}],"version-history":[{"count":2,"href":"https:\/\/www.danadolma.ee\/index.php?rest_route=\/wp\/v2\/pages\/34\/revisions"}],"predecessor-version":[{"id":36,"href":"https:\/\/www.danadolma.ee\/index.php?rest_route=\/wp\/v2\/pages\/34\/revisions\/36"}],"wp:attachment":[{"href":"https:\/\/www.danadolma.ee\/index.php?rest_route=%2Fwp%2Fv2%2Fmedia&parent=34"}],"curies":[{"name":"wp","href":"https:\/\/api.w.org\/{rel}","templated":true}]}}